uppose 2*b - j = -6. What is the remainder when b is divided by 5?
2
Let s(y) = -y**2 - 20*y + 78. Calculate the remainder when 49 is divided by s(-23).
4
Let t(c) = -3*c**2 - 32*c + 5. Calculate the remainder when t(-5) is divided by 51.
39
Suppose 8*b - 12*b = 64. Let r = b + 56. Suppose 7*s - 5*m - r = 4*s, 0 = 2*s + 3*m - 14. What is the remainder when 29 is divided by s?
9
Let t = -1012 + 1022. What is the remainder when 148 is divided by t?
8
Suppose -4*w = 5*r + 11, 3*w + 4*r + 3 = -6. Let z = 1 - w. Suppose -5*d + 89 = -4*n, 5*d - 7*n + 2*n - 85 = z. Calculate the remainder when 61 is divided by d.
19
Let i = -46 + 55. Calculate the remainder when 13 is divided by i.
4
Let w be 8*((-172)/(-32) + -5). Let b(f) = 18*f**2 + 4*f - 4. What is the remainder when b(w) is divided by 44?
38
Suppose 3*v + 65 = -k, -2*k - 165 = -v - 0*v. Let g = 93 + k. Calculate the remainder when 63 is divided by g.
11
Suppose 18*b + 4*s - 8 = 17*b, -4*s - 28 = -2*b. Suppose 12 = u - 20. Calculate the remainder when u is divided by b.
8
Let o(g) = g - 8. Let h be o(12). Suppose -h*w + 2*r = -w - 62, 4*r + 84 = 4*w. What is the remainder when 57 is divided by w?
17
Let z = 27 - -42. Suppose -h = -2*h + z. What is the remainder when h is divided by 19?
12
Let r be 9/36*12 + (0 - -1). Let q = -5 + 8. Suppose -29 = -x + r*u, -q*x + 4*u = -5*x + 10. What is the remainder when 24 is divided by x?
11
Suppose -23 = 44*m - 45*m. Calculate the remainder when 37 is divided by m.
14
Let g(i) = -2*i**3 - 3*i**2 + 11*i + 15. Calculate the remainder when g(-6) is divided by 46.
43
Let d be (3 + -3 + -4)*(-2 - -1). Suppose 27 + 305 = d*b. Calculate the remainder when b is divided by 14.
13
Suppose -2*b = 4*q + b - 142, 78 = 2*q + 5*b. Suppose 0 = 5*g + 25, -5*g = -j - j + 61. What is the remainder when q is divided by j?
16
Calculate the remainder when ((-63)/126)/(1/(-1838)) is divided by 92.
91
Let m = -253 + 307. What is the remainder when m is divided by 18?
0
Suppose i = 3*i + 5*r - 78, -3*r - 50 = -i. Suppose s = -q + 6*q + i, 2*s + 5*q - 28 = 0. Calculate the remainder when s is divided by 13.
11
Suppose -3*x - l = -2*x - 5, -26 = -4*x + 2*l. Let r be (-4)/((-4)/2) - x. Calculate the remainder when (0 - -3) + r/(-2) is divided by 3.
2
Let f(w) = 130*w + 437. Calculate the remainder when 23*(-1)/((-2)/8) is divided by f(-3).
45
Calculate the remainder when 80 is divided by ((-4)/(-14))/(15 + 520/(-35)).
0
Suppose -s + 99 = i, -420 = 22*i - 26*i + 4*s. What is the remainder when 917 is divided by i?
101
Calculate the remainder when 129 is divided by (-3)/2*(-35 + -1 + 6).
39
Suppose -6*o + o = -175. Suppose o*j - 220 = 31*j. What is the remainder when j is divided by 8?
7
Suppose x = -x. Suppose x*c + 30 = -2*c. Let b = 28 + c. What is the remainder when b is divided by 8?
5
Let s(i) = 2*i**2 - 6*i + 5. Suppose 0 = 4*f + 5*t - 6, -2*f + 2 = 3*t - 0. What is the remainder when s(f) is divided by 4?
1
Let k(a) = -a**3 - 5*a**2 + 6. Let d be k(-5). Let h = d + 6. What is the remainder when 46 is divided by h?
10
Let t(q) = q**2 + 5*q - 2. Calculate the remainder when 104/10*30/12 is divided by t(-6).
2
Suppose 268*o = 263*o + 25. Calculate the remainder when 48 is divided by o.
3
Suppose 0*f = f - 22. Calculate the remainder when 65 is divided by f.
21
Suppose 0 = 5*d - 99 + 29. Let b = 39 - 28. Let s = 41 + b. Calculate the remainder when s is divided by d.
10
Suppose 0 = -5*c + 2*n + n + 43, 2*n = 8. What is the remainder when 41 is divided by c?
8
Let d(x) = 76*x + 461. Suppose 2*p = -10 - 2. What is the remainder when 3/(p/(-17))*2 is divided by d(-6)?
2
Let z = -26 - -55. Let b = z - 5. What is the remainder when 45 is divided by b?
21
Let l(j) = -j**2 + 10*j + 8. Suppose 4*c + 102 = 3*a, 0 = -5*a + 2*c + 159 + 25. What is the remainder when a is divided by l(0)?
6
Let a(o) = o**2 + 28*o + 31. Let t be a(-14). Let z be (166/4)/((-3)/6). Let b = z - t. Calculate the remainder when b is divided by 14.
12
Suppose 0 = -5*g + 5*n, -3*g = -n + 462 - 466. Suppose -o = -3 - 4. Calculate the remainder when o is divided by g.
1
Suppose 25*w + 66 = 31*w. Calculate the remainder when 59 is divided by w.
4
Let f = 5 + 1. Let d(r) = r**3 - 5*r**2 - r - 4. Let h be d(f). Suppose 4*c + 5*q = h + 1, 5*c - 42 = 2*q. What is the remainder when 29 is divided by c?
5
Suppose 5*b = 21 + 19. Suppose -2*r + b = -8. Suppose -3*z - 150 = 2*t - 7*t, r = t - 5*z. What is the remainder when t is divided by 18?
15
Let t = 337 + -283. What is the remainder when 215 is divided by t?
53
Suppose -87 - 65 = -4*o. Let h = o + -20. Let k(a) = a**2 + 2*a + 3. What is the remainder when k(-8) is divided by h?
15
Suppose -4 + 2 = -k. Suppose 2 = 3*i + 2*x - 3, -k*i - 2*x = 0. Suppose 3*w = -5*m + 44, w - i*m = -4*m + 28. Calculate the remainder when w is divided by 6.
5
Let a = 523 + -489. What is the remainder when 132 is divided by a?
30
Suppose -6*a = 6*a - 12648. What is the remainder when a is divided by 48?
46
Let y(n) = 2*n + 22 - 40 + 24. What is the remainder when 35 is divided by y(6)?
17
Let j be 4*-2 + -1 - -1. Let h = j + 10. Suppose -h*i + 5*k = -32, i + i - k - 32 = 0. Calculate the remainder when 63 is divided by i.
15
Let n(l) = -25*l - 41. Let h(w) = 4*w + 7. Let i(z) = -39*h(z) - 6*n(z). What is the remainder when 34 is divided by i(-6)?
7
Suppose 0 = -o - 4*p - 8, -2*p = 2*o - 0*p + 4. Suppose o = -35*y + 30*y + 215. Calculate the remainder when y is divided by 15.
13
Let c(d) = -d**3 - 4. Let f be c(-3). Let h = 14 + f. Suppose -4*l + 49 + 3 = 0. Calculate the remainder when h is divided by l.
11
Let n(t) = t**2 - 10*t - 26. Calculate the remainder when 111 is divided by n(14).
21
Suppose 5*i + 0*i - 125 = 0. Let x(h) = 4*h + 11. Let u(a) = 8*a**2 - 3*a - 2. Let v be u(-1). Calculate the remainder when x(v) is divided by i.
22
Suppose 0 = 5*j - 2*i - 19, -3*j - i + 0*i = -18. Suppose -5*g = j - 20. Calculate the remainder when g is divided by 2.
1
Suppose 2*v + 4*g - 14 = 0, 2*v - 5*g + 13 = -0*v. Let p be 4/12 - v/3. Suppose -j - 3*r = p, 3*r + 32 = 4*j + 2. What is the remainder when 17 is divided by j?
5
Suppose 2*o + 73 = 2*f - 109, 3*f - 4*o = 277. Calculate the remainder when f is divided by 11.
10
Suppose 3*d = 5*w + 52, -14*w = 3*d - 15*w - 32. What is the remainder when 49 is divided by d?
4
Suppose 4*u = -u + 2*v + 19, 5*v + 19 = 3*u. Let i be 7 - -2*(-2)/4*2. Suppose -3 = -3*b, -7 = -w - i*b + 1. What is the remainder when w is divided by u?
0
Suppose -1 = h - 5. Suppose -2*y + 0*y + 4*d = 4, -h*y - 2*d = -12. Let b = y - -9. Calculate the remainder when 43 is divided by b.
10
Suppose 5*y = -5*f + 75, -2*f - y + 8 = -18. Suppose -57 = -21*j + 65 + 4. What is the remainder when f is divided by j?
5
Suppose 4*s + 8 = -4, -5*z - 2*s = -224. Suppose -36*a = 53*a - 12104. What is the remainder when a is divided by z?
44
Let c(g) = -g**2 - 12*g - 32. Calculate the remainder when 28 is divided by c(-6).
0
Let b = 12 + 19. Suppose q + 5 - 7 = 0. Suppose 0 = -q*s - 0*s + 2, k - 85 = 5*s. Calculate the remainder when k is divided by b.
28
Suppose -s = 4*r + 7107 + 4653, 11760 = -4*r - 5*s. Calculate the remainder when (-8)/6 - r/45 is divided by 23.
18
Suppose -5*u + 3 = -4*u. Let l be ((-15)/3 - -2)*-1. Suppose l*y + y = 20. What is the remainder when y is divided by u?
2
Calculate the remainder when 146 is divided by ((-293)/6 + 11/(-66))*-1.
48
Let v be 1*(-4 + (3 - -17)). Suppose v*g - 12*g = 56. What is the remainder when g is divided by 3?
2
Let d be ((-4)/(-6))/((-12)/(-54)). Suppose -d*p - 3 + 18 = 0. Suppose 23 = 2*h + r, 53 = 5*h - r + p*r. What is the remainder when 25 is divided by h?
12
What is the remainder when 113 is divided by -4*46/(-8) - (-1 + 1)?
21
Let x = 28 - -5. Calculate the remainder when 123 is divided by x.
24
Let n = -672 + 681. What is the remainder when 334 is divided by n?
1
Suppose -j - 3600 = -4*o - 1233, 0 = -2*o + 3*j + 1181. What is the remainder when o is divided by 11?
9
Let z(h) = h**2 - 3. Suppose -4*f + 294 = 5*j, 4*j - 3*f - 228 = -8*f. What is the remainder when j is divided by z(5)?
18
Let l(q) = -q**3 + 8*q**2 + 9*q - 2. Let h be l(9). Let c be 2/(3/3) + h. Suppose -3*g + c*g = -30. What is the remainder when 28 is divided by g?
8
Suppos